. Let c = 50 + -48. Let f(v) = 3 - 17*v + 20*v - 4*v**c + k + 3*v**2. Calculate f(4).
1
Let a(j) = 9*j**2 + j**2 - 7*j**2 + 8*j - 14*j - 2. Calculate a(5).
43
Let n(o) be the first derivative of o**4/4 + 2*o**3 - 7*o**2/2 + 2*o + 212. Give n(-7).
2
Let m(u) be the second derivative of -u**7/120 + u**6/180 - u**5/120 - 7*u**3/3 - 16*u. Let i(o) be the second derivative of m(o). Calculate i(1).
-6
Let p(q) = q + 5. Let c(l) = -l - 4. Let j = -6 + 11. Let n(d) = j*p(d) + 6*c(d). What is n(-1)?
2
Let v(l) = 0*l**2 + 8*l**2 + l + 0*l**2 - 7*l**2 - 1. Let p be 13 + (6 - (2 + 1)). Suppose 4*z - u + 8 = 3*u, -2*z = 2*u - p. What is v(z)?
11
Let l(p) = -p + 9. Let n be l(5). Suppose n*u = 2*f + 2*f - 16, -u - 2 = f. Let z(s) be the third derivative of -s**4/24 + s**3/6 + 18*s**2. Give z(f).
0
Let z(v) be the first derivative of v - 1 + 1/12*v**4 - 5/2*v**2 - 5/6*v**3. Let d(o) be the first derivative of z(o). Give d(5).
-5
Let c(j) = -j**2 - 5 + 3*j**2 - 6*j + 2*j. Let a = 422 - 418. Calculate c(a).
11
Let o(u) = u**3 + 4*u**2 - 2*u - 1. Suppose -8 = 27*r - 31*r. What is o(r)?
19
Let z(f) = 7*f. Let o = 10 + -4. Let r(n) = -n. Let y(x) = o*r(x) + z(x). Suppose l = -2, 3*t - 4 = 5*t - l. Determine y(t).
-3
Let c be -6 + 7/(-14)*6. Let f(q) = q**2 + 8*q - 16. Give f(c).
-7
Let b(l) = -l. Let q be b(2). Suppose 0 = 6*a - 24 + 6. Let y(z) = 3*z - 2 + 2*z - 3*z - 2*z**a - 2*z**2 - z. What is y(q)?
4
Let l be ((-84)/70)/(-1 + 26/30). Let x be (l/4 + -2)*20. Let z(y) = y**2 - 5*y + 5. Calculate z(x).
5
Let l(q) = q + 2. Let a(r) = -r**3 + 3*r**2 - 7*r + 16. Let g be a(3). Determine l(g).
-3
Let u(k) = -26*k - 3 + 1 + 1. What is u(2)?
-53
Let c(b) = -2*b**2 - 4*b + 3. Let w(r) = -r**2 - r + 1. Let g(f) = -c(f) + w(f). Suppose 0 = 4*t - 2*t. Suppose t = 4*l - l + 12. Determine g(l).
2
Let l(w) = 3 + 21*w + 14*w - 59*w + 23*w. Determine l(7).
-4
Let u(a) = -3*a**3 + 3*a**2 + 2*a + 4. Let h(q) = -4*q**3 + 3*q**2 + 2*q + 4. Let d be (9/15)/((-5)/(-25)). Let m(f) = d*u(f) - 2*h(f). Calculate m(3).
10
Let b = -186 + 187. Let d(g) = 12*g - 1. Give d(b).
11
Let w(c) be the third derivative of 11/6*c**3 + 0 - 7*c**2 + 0*c + 1/24*c**4. Suppose 0 = -0*u - 2*u - 14. Determine w(u).
4
Let x(j) = -14*j + 1. Let y(m) = -41*m + 3. Let f(u) = -8*x(u) + 3*y(u). Let v(c) = -11*c + 1. Let n(i) = -5*f(i) + 6*v(i). Determine n(-1).
12
Let o(r) be the third derivative of r**4/12 - r**3/2 - 129*r**2. Determine o(-3).
-9
Let g(k) = -k - 1. Let t(j) = -6*j - 4. Let f(d) = 5*g(d) - t(d). Let n(y) = -7*y + 16. Let v(i) = -6*f(i) - n(i). Determine v(5).
-5
Let z = -11 + 18. Let a(b) = z*b + 2*b + 6 - 3*b - 2*b**2. Let p(r) = -r**3 + 21*r**2 - 37*r + 345. Let w be p(20). Calculate a(w).
-14
Let s(x) = -2*x - 30. Suppose -4*y = 3*t + 41, 5*y + 10 = 4*y - t. What is s(y)?
-8
Let y(t) = t**3 - 4*t**2 - 21*t + 4. Let a be y(7). Suppose -a*d + 13 - 41 = 0. Let f(q) = q + 5. Calculate f(d).
-2
Let m(q) = -q**3 - 5*q**2 + 10*q + 61. Let v be m(-4). Let c(d) = -d**2 + 6*d. Calculate c(v).
5
Suppose 15 = 5*k, 4*y + 3 = 3*k + 6. Let o(a) = 5 - y*a - 1 - a**2 - 1. Suppose 4*f + 5*w + 30 = 0, 2*w + 7 = -f + w. Determine o(f).
-7
Let w(b) = 3*b. Let h(a) = 3*a + 1. Let y(d) = 3*h(d) - 5*w(d). What is y(3)?
-15
Let h be 1/((-63)/99) + 6/(-14). Let i(x) = 2*x**2 + 4*x + 5. Determine i(h).
5
Let c be 100/(-6)*(2 - -4). Let q be (12/(-10))/((-30)/c). Let a = -9 - q. Let b(d) = -d**2 - 7*d - 4. What is b(a)?
6
Let f(b) = 4*b + 1. Suppose -n + 3 = -4*j, -j - 1 = 4*n + 4. Let u(m) = -8 - 3 - 3 + 2 + 13. Let s(w) = n*f(w) + 3*u(w). Give s(4).
-14
Let d be (-3)/((-3)/(-2)) - (-6 - -2). Let g(f) = -48 - f + d*f + 57. Give g(0).
9
Suppose -4*v = -4*i + 39 + 5, 0 = i. Let p = v + 7. Let y(g) = -4*g**2 - 83 + 82 + 3*g**2 - 5*g. Calculate y(p).
3
Let i(j) = -11*j**2 - j - 9. Let w(b) = 14*b**2 + 10. Let m(u) = -5*i(u) - 4*w(u). What is m(7)?
-9
Let v(a) = -a**3 + 7*a**2 - 5*a - 6. Let m be 6 + (5 - (-1 + 6)). Determine v(m).
0
Let k(u) = 899 - 893 + 2*u - 4*u. Determine k(7).
-8
Let o = 55 + -31. Let w = o - 18. Let a(b) = 7 + 0 - 6*b**3 - 4 - 6*b**2 + 7*b**3. Determine a(w).
3
Suppose 2*x = f + 41, -5*x + 6*f + 109 = 10*f. Let a be (x/(-6))/((-14)/28). Let q(b) be the first derivative of -b**2/2 + 12*b - 1. Determine q(a).
5
Let q(f) = -16*f - 177. Let p be q(-11). Let v(s) = -5*s**2 + 2*s + 1. Give v(p).
-6
Let h be 13 + 0 + 3 + 0. Let c(p) = -p**3 - h + 39 + 7*p**2 - 17. Determine c(7).
6
Let u(c) = c**3 + c**2 + 5. Suppose 0 = 3*f - f + p + 81, p = -4*f - 167. Let i = f - -43. Give u(i).
5
Let z = -2030 + 2029. Let w(f) = 2*f - 2. Calculate w(z).
-4
Let x(y) = -y**2 - y - 1. Let q(r) = r**3 - 2*r**2 - 4. Let p be q(3). Let s(o) = 4*o**2 - 2*o - 4. Let n(t) = p*x(t) + s(t). Calculate n(-7).
-9
Let i(v) = 7*v**2 + v**3 + 186 - 90 - 86 - 8*v. What is i(-8)?
10
Let n(w) be the first derivative of -w**3/3 + w**2 - 353. Determine n(-2).
-8
Suppose -2*c + 18 = 4*c. Let a(s) = -3*s - 1. Let h(w) = 4*w + 1. Let n(i) = c*a(i) + 2*h(i). What is n(-2)?
1
Let n(z) be the third derivative of z**5/60 - z**4/3 + z**3/2 - 52*z**2. Let t(b) = -b**3 - 11*b**2 - 2*b - 16. Let k be t(-11). Determine n(k).
-9
Let h(a) = -a**3 + a**2 + a - 6. Let c be h(0). Let f be 2*3*(-3)/(-9). Let q(s) = -2 - 6*s + 0*s + 2*s**2 + 6 - 3*s**f. Determine q(c).
4
Let h(p) = -p**2 - 11*p + 3. Let n(l) = -10*l**2 - 22*l - 21. Let v be n(-1). Give h(v).
21
Let i(z) = z - 7. Let m(a) = 2*a + 2 - 15 + 5 - 8. Let y(u) = 5*i(u) - 2*m(u). What is y(6)?
3
Let b(m) = m + 1. Let z be b(-5). Let p be (6/(-4))/((-2)/z). Let f(g) be the second derivative of g**4/12 + g**3/6 - 3*g**2/2 - 5*g. Give f(p).
3
Let r(p) = p**3 + 8*p**2 - p - 6. Let s be r(-8). Suppose 36 = y + s*y. Let d = -12 + y. Let j(u) = u - 8. Calculate j(d).
-8
Let d be 1 - (-1 - -1) - -4. Let s(r) be the second derivative of -1/3*r**3 + 3/2*r**2 + 3*r + 0. Give s(d).
-7
Let o(n) = 2*n**3 + 3*n**2 - 15*n. Let p(q) = -q**3 - 2*q**2 + 8*q. Let d(j) = 6*o(j) + 11*p(j). Let m = -91 + 95. What is d(m)?
-8
Let w = 9 - 28. Let i = w - -22. Let q(a) = 7*a**3 + 5*a**i - 9*a**3 + a**2 - a. What is q(1)?
3
Suppose 0 = -5*r + 3*u + 4, -4*r + 7*r - 3*u = 0. Let h(l) = 3*l - 3. Calculate h(r).
3
Let o be (10/(-6))/(23/(-207)). Let w be (-4)/(-3) + o/9. Let b(h) = -h**2 + h + 3. What is b(w)?
-3
Let h(j) = -2*j + 4. Let w be (-2)/(-2 + (-13)/(-6)). Let v = w + 16. Suppose 2*g + g + 4 = -o, -v*g + 3 = 3*o. Determine h(o).
-6
Let s(b) = 2*b. Suppose 3*f - 81 = -114. What is s(f)?
-22
Let b(t) = t**2 + 4*t + 7. Let l(w) = w**3 - 5*w**2 - 9*w - 6. Let d be l(7). Let r = d - 21. Let o(g) = g**3 - 8*g**2 - g + 3. Let s be o(r). Give b(s).
12
Let n = -7 - -7. Suppose j = -n + 6. Let x(a) = -54*a**2 + 53*a**2 - a**3 + j*a**3. What is x(-1)?
-6
Suppose 2*g - 4*t + 24 = 0, -17 = 3*g - 3*t + 13. Let v = 10 + g. Let p(w) = 3*w**3 + 3*w**v - 2 + w - 2*w**3 + 0*w. Calculate p(-2).
0
Let c = -30 + 40. Suppose 102*r = 100*r - c. Let a(m) = 4 + 4 - m - 6. Give a(r).
7
Let p = -460 + 464. Let r(x) be the third derivative of -4*x**2 + 0*x + 0 - 5/24*x**p + 1/20*x**5 - x**3 + 1/120*x**6. Determine r(-4).
-2
Let v be (3/(-5))/(48/240). Let g(p) be the first derivative of -p**3/3 + p**2/2 - 3*p - 2. Give g(v).
-15
Let g(t) = t**3 + 5*t**2 - 2*t - 5. Let u be g(-6). Let h = u - -32. Let r(j) = j**3 - 3*j**2 - 5*j + 2. Give r(h).
-13
Let i(x) be the second derivative of 13*x - 1/20*x**5 - 11/2*x**2 + 0 - 1/12*x**4 + 1/6*x**3. What is i(0)?
-11
Let u(s) = 2*s**3 - 2*s**2 - 4*s. Let n(d) = d**3 - d**2 - d + 1. Let q(a) = 3*n(a) - u(a). Let y be 0/((-4 - -3) + -1). Let k = y + 0. Determine q(k).
3
Let w = 279 + -277. Let t(b) be the second derivative of 0 + 6*b + 3/2*b**w - 1/2*b**3. Determine t(2).
-3
Let o be (5/(-3))/(-1)*(-3)/(-1). Let y(h) be the second derivative of -h**3/6 - 3*h. Give y(o).
-5
Let r be 2/(16/12)*2. Suppose r*a = 25 + 47. Suppose 4 = -k + 2*p, -3*k + 5*p = a - 11. Let g(o) = o + 1. What is g(k)?
-5
Let u(w) = -20*w + 8*w - 49 - 1. Let n be u(-5). Let d(s) = s**3 - 9*s**2 - 12*s + 13. Give d(n).
-7
Suppose -8 = -4*h - 12, 0 = 3*x + 2*h - 4. Let g(s) = 76 - 74 - s**3 + 2*s**2 + x*s + 0*s**3. Calculate g(3).
-1
Suppose 5*c = -0*c - 4*k + 7, 0 = -c - 3*k - 3. Let m be 48/120 + 66/10. Let a(i) = 2*i + 20. Let j(z) = 